{"id":243,"date":"2016-01-13T15:51:22","date_gmt":"2016-01-13T14:51:22","guid":{"rendered":"http:\/\/sodermarkskonsult.se\/?page_id=243"},"modified":"2016-01-27T11:01:52","modified_gmt":"2016-01-27T10:01:52","slug":"florist-1","status":"publish","type":"page","link":"http:\/\/sodermarkskonsult.se\/?page_id=243","title":{"rendered":"Florist"},"content":{"rendered":"<p><span style=\"color: #000000\"><strong><a href=\"http:\/\/sodermarkskonsult.se\/files\/Ingalills-begravning-e1452001300916.jpg\"><img decoding=\"async\" loading=\"lazy\" class=\"alignnone size-medium wp-image-172\" src=\"http:\/\/sodermarkskonsult.se\/files\/Ingalills-begravning-300x225.jpg\" alt=\"Ingalills begravning\" width=\"300\" height=\"225\" \/><\/a>\u00a0\u00a0\u00a0\u00a0 <a href=\"http:\/\/sodermarkskonsult.se\/files\/Helenas-brudbukett-e1452002682843.jpg\"><img decoding=\"async\" loading=\"lazy\" class=\"alignnone size-medium wp-image-173\" src=\"http:\/\/sodermarkskonsult.se\/files\/Helenas-brudbukett-225x300.jpg\" alt=\"Helenas brudbukett\" width=\"225\" height=\"300\" \/><\/a>\u00a0\u00a0\u00a0\u00a0 <a href=\"http:\/\/sodermarkskonsult.se\/files\/Allans-begravning-e1452001271551.jpg\"><img decoding=\"async\" loading=\"lazy\" class=\"alignnone size-medium wp-image-171\" src=\"http:\/\/sodermarkskonsult.se\/files\/Allans-begravning-300x225.jpg\" alt=\"Allans begravning\" width=\"300\" height=\"225\" \/><\/a><\/strong><\/span><\/p>\n<p><span style=\"color: #000000\"><strong>Linnea S\u00f6dermark<\/strong><\/span><\/p>\n<p>Jag har g\u00e5tt Munker\u00f6ds floristutbildning under \u00e5ren 2000-2001, b\u00e5de grundkurs 20 veckor och p\u00e5byggnadskurs 20 veckor. Sedan dess har jag arbetat i olika blomsteraff\u00e4rer och \u00e4ven haft butiksansvar d\u00e5 \u00e4garen varit ledig.<\/p>\n<p>H\u00e4r ser du n\u00e5gra av mina arbeten och om du vill veta mera om mina referenser eller vad jag kan erbjuda s\u00e5 kontakta mig g\u00e4rna direkt.<\/p>\n<p>E-post: linnea_sodermark@telia.com<br \/>\nMobil: +46 70 517 52 43<br \/>\nWeb: http:\/\/sodermarkskonsult.se<\/p>\n<p>&nbsp;<\/p>\n<p><span style=\"color: #333333\"><a style=\"color: #333333\" href=\"http:\/\/sodermarkskonsult.se\/\">Tillbaka till startsidan<\/a><\/span><\/p>\n","protected":false},"excerpt":{"rendered":"<p>\u00a0\u00a0\u00a0\u00a0 \u00a0\u00a0\u00a0\u00a0 Linnea S\u00f6dermark Jag har g\u00e5tt Munker\u00f6ds floristutbildning under \u00e5ren 2000-2001, b\u00e5de grundkurs 20 veckor och p\u00e5byggnadskurs 20 veckor. Sedan dess har jag arbetat i olika blomsteraff\u00e4rer och \u00e4ven haft butiksansvar d\u00e5 \u00e4garen varit ledig. H\u00e4r ser du n\u00e5gra av mina arbeten och om du vill veta mera om mina referenser eller vad jag [&hellip;]<\/p>\n","protected":false},"author":8447,"featured_media":0,"parent":0,"menu_order":0,"comment_status":"closed","ping_status":"open","template":"","meta":{"footnotes":""},"_links":{"self":[{"href":"http:\/\/sodermarkskonsult.se\/index.php?rest_route=\/wp\/v2\/pages\/243"}],"collection":[{"href":"http:\/\/sodermarkskonsult.se\/index.php?rest_route=\/wp\/v2\/pages"}],"about":[{"href":"http:\/\/sodermarkskonsult.se\/index.php?rest_route=\/wp\/v2\/types\/page"}],"author":[{"embeddable":true,"href":"http:\/\/sodermarkskonsult.se\/index.php?rest_route=\/wp\/v2\/users\/8447"}],"replies":[{"embeddable":true,"href":"http:\/\/sodermarkskonsult.se\/index.php?rest_route=%2Fwp%2Fv2%2Fcomments&post=243"}],"version-history":[{"count":8,"href":"http:\/\/sodermarkskonsult.se\/index.php?rest_route=\/wp\/v2\/pages\/243\/revisions"}],"predecessor-version":[{"id":262,"href":"http:\/\/sodermarkskonsult.se\/index.php?rest_route=\/wp\/v2\/pages\/243\/revisions\/262"}],"wp:attachment":[{"href":"http:\/\/sodermarkskonsult.se\/index.php?rest_route=%2Fwp%2Fv2%2Fmedia&parent=243"}],"curies":[{"name":"wp","href":"https:\/\/api.w.org\/{rel}","templated":true}]}}